 91 + -a8?
-17
In base 11, what is a73 - 30?
a43
In base 15, what is -4 - -17cd?
17c9
In base 10, what is -875 + 0?
-875
In base 10, what is -861611 - -3?
-861608
In base 4, what is -1032 + -20123010?
-20130102
In base 14, what is -6dcb - 1?
-6dcc
In base 3, what is -10120 + 211202?
201012
In base 4, what is -2121222 + 12000?
-2103222
In base 4, what is -232 + -300212?
-301110
In base 14, what is -8c4b - -2?
-8c49
In base 5, what is 10 - 204234?
-204224
In base 14, what is 8 - 97cca?
-97cc2
In base 6, what is -20204 - -33?
-20131
In base 11, what is -14630 - 21?
-14651
In base 15, what is 3 + -1132?
-112e
In base 12, what is 168 + -5984?
-5818
In base 6, what is -4 - 11255404?
-11255412
In base 13, what is 5 - 165463?
-16545b
In base 8, what is 33 - 110406?
-110353
In base 6, what is 21124 + 0?
21124
In base 11, what is 1811 + 1?
1812
In base 3, what is -1 - -200000010?
200000002
In base 11, what is 1616 - -68?
1683
In base 12, what is 305a + 1a?
3078
In base 13, what is -b - -16b7?
16a9
In base 12, what is -3a + -533?
-571
In base 16, what is 154f + -2c?
1523
In base 11, what is 12 + -2765?
-2753
In base 7, what is -143065 - 5?
-143103
In base 3, what is -2202110012 - -11?
-2202110001
In base 14, what is -5da + 1c?
-5bc
In base 3, what is -211221222 + 0?
-211221222
In base 14, what is -24007 + -4?
-2400b
In base 12, what is 4 + 11aa?
11b2
In base 5, what is -111 - 1014110?
-1014221
In base 6, what is 4 + 15023311?
15023315
In base 9, what is 1173 - -50?
1233
In base 15, what is 4 - 19e54?
-19e50
In base 7, what is -1 + 4646423?
4646422
In base 10, what is 7 + -2265?
-2258
In base 14, what is 4 + -c28d?
-c289
In base 4, what is -300122 + 31201?
-202321
In base 15, what is 6 + -be24?
-be1d
In base 5, what is -10 - -13044342?
13044332
In base 14, what is a5 - -445?
50a
In base 7, what is -44354 - 46?
-44433
In base 10, what is -735280 + 0?
-735280
In base 6, what is -10 - -2214?
2204
In base 16, what is 5 + 9361?
9366
In base 11, what is -3 + -750718?
-750720
In base 11, what is -2 + -7310?
-7312
In base 11, what is -157 - 1a1?
-348
In base 7, what is -16 + -152654?
-153003
In base 8, what is 211 + 16624?
17035
In base 8, what is 26 + -6652?
-6624
In base 3, what is -110202010 - 10?
-110202020
In base 9, what is 1650 + 103?
1753
In base 4, what is 3 - 2103012?
-2103003
In base 10, what is -15401 + 20?
-15381
In base 3, what is 1201011000 + -12?
1201010211
In base 5, what is 0 + 34030321?
34030321
In base 2, what is 0 - 110100111001000?
-110100111001000
In base 6, what is -112534 - -2?
-112532
In base 11, what is 4 + 2981?
2985
In base 4, what is -11213010 + -10?
-11213020
In base 5, what is 41221 - 2013?
34203
In base 16, what is -26b - 9b?
-306
In base 11, what is -32 + -aaa7?
-10029
In base 15, what is 75c3 + -5?
75bd
In base 15, what is -c + -b69?
-b76
In base 12, what is -a4 + 2a?
-76
In base 6, what is -223 - 254?
-521
In base 4, what is 10 + 223021222?
223021232
In base 9, what is 5 - 1867?
-1862
In base 7, what is -1 + 4416056?
4416055
In base 2, what is 10100010 - 1001011101?
-110111011
In base 8, what is 154412 + 3?
154415
In base 14, what is 303d - -5?
3044
In base 16, what is 1873 + -bc?
17b7
In base 14, what is -2 - -d90?
d8c
In base 9, what is 1043113 + -5?
1043107
In base 16, what is -1c47e4 + 1?
-1c47e3
In base 6, what is 24 + -41534?
-41510
In base 8, what is 1 - 1560353?
-1560352
In base 10, what is 1 + -931?
-930
In base 10, what is 139 + 274?
413
In base 14, what is 17510 - 3?
1750b
In base 16, what is 2 - -62c6e?
62c70
In base 16, what is -135 + -1d?
-152
In base 7, what is 15152363 - 2?
15152361
In base 2, what is -101100 - -110000011?
101010111
In base 4, what is -1021 - 20202?
-21223
In base 5, what is 124 + 10130323?
10131002
In base 7, what is 50515 - -5?
50523
In base 5, what is -13210 + 12?
-13143
In base 14, what is -c - 8d38?
-8d46
In base 5, what is -12340 - 223?
-13113
In base 14, what is 813d4 + 3?
813d7
In base 11, what is 2 + 3755?
3757
In base 4, what is -301 - -3113112?
3112211
In base 16, what is -4 + 4cc3?
4cbf
In base 14, what is -4aa57 - 1?
-4aa58
In base 8, what is -6233 + -46?
-6301
In base 14, what is 47 + -788?
-741
In base 6, what is -3342 - 23213?
-30555
In base 2, what is -11010 - 1100100100?
-1100111110
In base 14, what is -2 - 3ba8?
-3baa
In base 14, what is 16 - -3795?
37ab
In base 4, what is 0 - 122200?
-122200
In base 5, what is 340143 - -13?
340211
In base 15, what is 64 + 8da?
94e
In base 15, what is 342 - -17?
359
In base 7, what is -22 + -22056?
-22111
In base 3, what is 110200010 + -120?
110122120
In base 16, what is -4 + 26ae?
26aa
In base 13, what is -1b7a - -6c?
-1b0b
In base 10, what is -733 + 830?
97
In base 6, what is 125 + -1202?
-1033
In base 12, what is 87a + 23?
8a1
In base 15, what is -126c - 4d?
-12ba
In base 5, what is -200031 - 11?
-200042
In base 16, what is 4b31 + -21?
4b10
In base 11, what is -577 - -251?
-326
In base 13, what is -4 - -35441?
3543a
In base 7, what is -2 + 2041203?
2041201
In base 15, what is -4 + -41ace?
-41ad3
In base 14, what is 16 + -795?
-77d
In base 16, what is -6 - -483?
47d
In base 5, what is 141 + 1003113?
1003304
In base 5, what is -104300 - 4?
-104304
In base 3, what is -2100222 + -100?
-2101022
In base 13, what is -11b - -16?
-105
In base 16, what is -5c + -1d40?
-1d9c
In base 6, what is 10 - -11232543?
11232553
In base 8, what is 27 + 24755?
25004
In base 2, what is 100000011100111 - 10101?
100000011010010
In base 5, what is 2 + 1312210?
1312212
In base 16, what is b7258 - 3?
b7255
In base 8, what is 3 + 231032?
231035
In base 6, what is 11 + 10115?
10130
In base 3, what is -102222212 - 0?
-102222212
In base 5, what is -1104044302 + -3?
-1104044310
In base 3, what is 122210022 + 22?
122210121
In base 11, what is -212300 + -1?
-212301
In base 12, what is -1 - 113426?
-113427
In base 5, what is 13104142 - -3?
13104200
In base 4, what is -1031 - 10000?
-11031
In base 11, what is -129 + -250?
-379
In base 3, what is 21101110 + -202?
21100201
In base 13, what is 1a - -51?
6b
In base 10, what is 36 - 1745?
-1709
In base 6, what is 15214 - -4?
15222
In base 7, what is -22534533 - 0?
-22534533
In base 6, what is 113511 + -24?
113443
In base 12, what is 1489 + -105?
1384
In base 2, what is -111001010 - 110000110?
-1101010000
In base 2, what is -1011111100110100 + -101?
-1011111100111001
In base 13, what is -17504 + 3?
-17501
In base 16, what is -118f0 - -4?
-118ec
In base 7, what is 123650 - 2?
123645
In base 9, what is 7 + 1010?
1017
In base 15, what is 67e9 - 7?
67e2
In base 16, what is f6 + -5b7?
-4c1
In base 9, what is -550 + 185?
-354
In base 10, what is -3552054 + -1?
-3552055
In base 9, what is 146 + -1020?
-763
In base 11, what is 9a - 1973?
-1884
In base 4, what is -1120032 + 30?
-1120002
In base 2, what is -101 - -11010000110?
11010000001
In base 10, what is 60 + -3?
57
In base 9, what is -3178 - 437?
-3626
In base 3, what is -1 + 222121022?
222121021
In base 13, what is b53 - -13?
b66
In base 8, what is -46476 + -5?
-46503
In base 8, what is 400335 + -10?
400325
In base 9, what is 8017 - -3?
8021
In base 6, what is 5 + 11124?
11133
In base 14, what is -b + -394a3?
-394b0
In base 5, what is 24103 - -1240?
30343
In base 4, what is 1100 - -20323?
22023
In base 6, what is -3205314 - 0?
-3205314
In base 13, what is -627 + -58?
-682
In base 4, what is 2310002213 + 2?
2310002221
In base 10, what is 52064 - -3?
52067
In base 12, what is 2626 + 6?
2630
In base 2, what is 101000101011010011011111 + 10?
101000101011010011100001
In base 9, what is 3 + -252222?
-252218
In base 13, what is a0 - 15084?
-14cb4
In base 7, what is 3 - 3013203?
-3013200
In base 9, what is -10783 - -2?
-10781
In base 3, what is -1021 + -202000?
-210021
In base 13, what is -1 - 7454?
-7455
In base 12, what is -1 - 312875?
-312876
In base 11, what is -566 - -7?
-55a
In base 12, what is -305 - -529?
224
In base 16, what is 7 + 6a9?
6b0
In base 16, what is 1 - -b14a?
b14b
In base 8, what is -5602242 + 5?
-5602235
In base 16, what is -d1 + 17bf?
16ee
In base 8, what is 42 - 1300?
-1236
In base 7, what is 16620 - 32?
16555
In base 8, what is 14 + -5067?
-5053
In base 13, what is 401 - 2?
3cc
In base 15, what is 7808 + -34?
77c4
In base 3, what is -12221122 - -211?
-12220211
In ba